{"id":143,"date":"2025-06-05T14:43:32","date_gmt":"2025-06-05T12:43:32","guid":{"rendered":"http:\/\/domainesaintpierremont.fr\/?page_id=143"},"modified":"2025-06-06T16:23:03","modified_gmt":"2025-06-06T14:23:03","slug":"tarifs","status":"publish","type":"page","link":"https:\/\/www.domainesaintpierremont.fr\/index.php\/tarifs\/","title":{"rendered":"Tarifs"},"content":{"rendered":"","protected":false},"excerpt":{"rendered":"","protected":false},"author":1,"featured_media":0,"parent":0,"menu_order":0,"comment_status":"closed","ping_status":"closed","template":"","meta":{"footnotes":""},"class_list":["post-143","page","type-page","status-publish","hentry"],"yoast_head":"<!-- This site is optimized with the Yoast SEO plugin v27.3 - https:\/\/yoast.com\/product\/yoast-seo-wordpress\/ -->\n<title>Tarifs - Domaine Saint Pierremont<\/title>\n<meta name=\"description\" content=\"Domaine Saint Pierremont \u2013 Nos tarifs pour \u00b7 Location du g\u00eete en entier, la moiti\u00e9 du g\u00eete ou forfaits \u00e0 la chambre\" \/>\n<meta name=\"robots\" content=\"index, follow, max-snippet:-1, max-image-preview:large, max-video-preview:-1\" \/>\n<link rel=\"canonical\" href=\"https:\/\/www.domainesaintpierremont.fr\/index.php\/tarifs\/\" \/>\n<meta property=\"og:locale\" content=\"fr_FR\" \/>\n<meta property=\"og:type\" content=\"article\" \/>\n<meta property=\"og:title\" content=\"Tarifs - Domaine Saint Pierremont\" \/>\n<meta property=\"og:description\" content=\"Domaine Saint Pierremont \u2013 Nos tarifs pour \u00b7 Location du g\u00eete en entier, la moiti\u00e9 du g\u00eete ou forfaits \u00e0 la chambre\" \/>\n<meta property=\"og:url\" content=\"https:\/\/www.domainesaintpierremont.fr\/index.php\/tarifs\/\" \/>\n<meta property=\"og:site_name\" content=\"Domaine Saint Pierremont\" \/>\n<meta property=\"article:publisher\" content=\"https:\/\/www.facebook.com\/people\/Domaine-Saint-Pierremont\/61576335085179\/\" \/>\n<meta property=\"article:modified_time\" content=\"2025-06-06T14:23:03+00:00\" \/>\n<meta name=\"twitter:card\" content=\"summary_large_image\" \/>\n<script type=\"application\/ld+json\" class=\"yoast-schema-graph\">{\"@context\":\"https:\\\/\\\/schema.org\",\"@graph\":[{\"@type\":\"WebPage\",\"@id\":\"https:\\\/\\\/www.domainesaintpierremont.fr\\\/index.php\\\/tarifs\\\/\",\"url\":\"https:\\\/\\\/www.domainesaintpierremont.fr\\\/index.php\\\/tarifs\\\/\",\"name\":\"Tarifs - Domaine Saint Pierremont\",\"isPartOf\":{\"@id\":\"https:\\\/\\\/www.domainesaintpierremont.fr\\\/#website\"},\"datePublished\":\"2025-06-05T12:43:32+00:00\",\"dateModified\":\"2025-06-06T14:23:03+00:00\",\"description\":\"Domaine Saint Pierremont \u2013 Nos tarifs pour \u00b7 Location du g\u00eete en entier, la moiti\u00e9 du g\u00eete ou forfaits \u00e0 la chambre\",\"breadcrumb\":{\"@id\":\"https:\\\/\\\/www.domainesaintpierremont.fr\\\/index.php\\\/tarifs\\\/#breadcrumb\"},\"inLanguage\":\"fr-FR\",\"potentialAction\":[{\"@type\":\"ReadAction\",\"target\":[\"https:\\\/\\\/www.domainesaintpierremont.fr\\\/index.php\\\/tarifs\\\/\"]}]},{\"@type\":\"BreadcrumbList\",\"@id\":\"https:\\\/\\\/www.domainesaintpierremont.fr\\\/index.php\\\/tarifs\\\/#breadcrumb\",\"itemListElement\":[{\"@type\":\"ListItem\",\"position\":1,\"name\":\"Accueil\",\"item\":\"https:\\\/\\\/www.domainesaintpierremont.fr\\\/\"},{\"@type\":\"ListItem\",\"position\":2,\"name\":\"Tarifs\"}]},{\"@type\":\"WebSite\",\"@id\":\"https:\\\/\\\/www.domainesaintpierremont.fr\\\/#website\",\"url\":\"https:\\\/\\\/www.domainesaintpierremont.fr\\\/\",\"name\":\"Domaine Saint Pierremont\",\"description\":\"G\u00eete\",\"publisher\":{\"@id\":\"https:\\\/\\\/www.domainesaintpierremont.fr\\\/#organization\"},\"potentialAction\":[{\"@type\":\"SearchAction\",\"target\":{\"@type\":\"EntryPoint\",\"urlTemplate\":\"https:\\\/\\\/www.domainesaintpierremont.fr\\\/?s={search_term_string}\"},\"query-input\":{\"@type\":\"PropertyValueSpecification\",\"valueRequired\":true,\"valueName\":\"search_term_string\"}}],\"inLanguage\":\"fr-FR\"},{\"@type\":\"Organization\",\"@id\":\"https:\\\/\\\/www.domainesaintpierremont.fr\\\/#organization\",\"name\":\"Domaine Saint Pierremont\",\"url\":\"https:\\\/\\\/www.domainesaintpierremont.fr\\\/\",\"logo\":{\"@type\":\"ImageObject\",\"inLanguage\":\"fr-FR\",\"@id\":\"https:\\\/\\\/www.domainesaintpierremont.fr\\\/#\\\/schema\\\/logo\\\/image\\\/\",\"url\":\"https:\\\/\\\/www.domainesaintpierremont.fr\\\/wp-content\\\/uploads\\\/2025\\\/06\\\/cropped-Logo-Domaine.png\",\"contentUrl\":\"https:\\\/\\\/www.domainesaintpierremont.fr\\\/wp-content\\\/uploads\\\/2025\\\/06\\\/cropped-Logo-Domaine.png\",\"width\":430,\"height\":322,\"caption\":\"Domaine Saint Pierremont\"},\"image\":{\"@id\":\"https:\\\/\\\/www.domainesaintpierremont.fr\\\/#\\\/schema\\\/logo\\\/image\\\/\"},\"sameAs\":[\"https:\\\/\\\/www.facebook.com\\\/people\\\/Domaine-Saint-Pierremont\\\/61576335085179\\\/\"]}]}<\/script>\n<!-- \/ Yoast SEO plugin. -->","yoast_head_json":{"title":"Tarifs - Domaine Saint Pierremont","description":"Domaine Saint Pierremont \u2013 Nos tarifs pour \u00b7 Location du g\u00eete en entier, la moiti\u00e9 du g\u00eete ou forfaits \u00e0 la chambre","robots":{"index":"index","follow":"follow","max-snippet":"max-snippet:-1","max-image-preview":"max-image-preview:large","max-video-preview":"max-video-preview:-1"},"canonical":"https:\/\/www.domainesaintpierremont.fr\/index.php\/tarifs\/","og_locale":"fr_FR","og_type":"article","og_title":"Tarifs - Domaine Saint Pierremont","og_description":"Domaine Saint Pierremont \u2013 Nos tarifs pour \u00b7 Location du g\u00eete en entier, la moiti\u00e9 du g\u00eete ou forfaits \u00e0 la chambre","og_url":"https:\/\/www.domainesaintpierremont.fr\/index.php\/tarifs\/","og_site_name":"Domaine Saint Pierremont","article_publisher":"https:\/\/www.facebook.com\/people\/Domaine-Saint-Pierremont\/61576335085179\/","article_modified_time":"2025-06-06T14:23:03+00:00","twitter_card":"summary_large_image","schema":{"@context":"https:\/\/schema.org","@graph":[{"@type":"WebPage","@id":"https:\/\/www.domainesaintpierremont.fr\/index.php\/tarifs\/","url":"https:\/\/www.domainesaintpierremont.fr\/index.php\/tarifs\/","name":"Tarifs - Domaine Saint Pierremont","isPartOf":{"@id":"https:\/\/www.domainesaintpierremont.fr\/#website"},"datePublished":"2025-06-05T12:43:32+00:00","dateModified":"2025-06-06T14:23:03+00:00","description":"Domaine Saint Pierremont \u2013 Nos tarifs pour \u00b7 Location du g\u00eete en entier, la moiti\u00e9 du g\u00eete ou forfaits \u00e0 la chambre","breadcrumb":{"@id":"https:\/\/www.domainesaintpierremont.fr\/index.php\/tarifs\/#breadcrumb"},"inLanguage":"fr-FR","potentialAction":[{"@type":"ReadAction","target":["https:\/\/www.domainesaintpierremont.fr\/index.php\/tarifs\/"]}]},{"@type":"BreadcrumbList","@id":"https:\/\/www.domainesaintpierremont.fr\/index.php\/tarifs\/#breadcrumb","itemListElement":[{"@type":"ListItem","position":1,"name":"Accueil","item":"https:\/\/www.domainesaintpierremont.fr\/"},{"@type":"ListItem","position":2,"name":"Tarifs"}]},{"@type":"WebSite","@id":"https:\/\/www.domainesaintpierremont.fr\/#website","url":"https:\/\/www.domainesaintpierremont.fr\/","name":"Domaine Saint Pierremont","description":"G\u00eete","publisher":{"@id":"https:\/\/www.domainesaintpierremont.fr\/#organization"},"potentialAction":[{"@type":"SearchAction","target":{"@type":"EntryPoint","urlTemplate":"https:\/\/www.domainesaintpierremont.fr\/?s={search_term_string}"},"query-input":{"@type":"PropertyValueSpecification","valueRequired":true,"valueName":"search_term_string"}}],"inLanguage":"fr-FR"},{"@type":"Organization","@id":"https:\/\/www.domainesaintpierremont.fr\/#organization","name":"Domaine Saint Pierremont","url":"https:\/\/www.domainesaintpierremont.fr\/","logo":{"@type":"ImageObject","inLanguage":"fr-FR","@id":"https:\/\/www.domainesaintpierremont.fr\/#\/schema\/logo\/image\/","url":"https:\/\/www.domainesaintpierremont.fr\/wp-content\/uploads\/2025\/06\/cropped-Logo-Domaine.png","contentUrl":"https:\/\/www.domainesaintpierremont.fr\/wp-content\/uploads\/2025\/06\/cropped-Logo-Domaine.png","width":430,"height":322,"caption":"Domaine Saint Pierremont"},"image":{"@id":"https:\/\/www.domainesaintpierremont.fr\/#\/schema\/logo\/image\/"},"sameAs":["https:\/\/www.facebook.com\/people\/Domaine-Saint-Pierremont\/61576335085179\/"]}]}},"_links":{"self":[{"href":"https:\/\/www.domainesaintpierremont.fr\/index.php\/wp-json\/wp\/v2\/pages\/143","targetHints":{"allow":["GET"]}}],"collection":[{"href":"https:\/\/www.domainesaintpierremont.fr\/index.php\/wp-json\/wp\/v2\/pages"}],"about":[{"href":"https:\/\/www.domainesaintpierremont.fr\/index.php\/wp-json\/wp\/v2\/types\/page"}],"author":[{"embeddable":true,"href":"https:\/\/www.domainesaintpierremont.fr\/index.php\/wp-json\/wp\/v2\/users\/1"}],"replies":[{"embeddable":true,"href":"https:\/\/www.domainesaintpierremont.fr\/index.php\/wp-json\/wp\/v2\/comments?post=143"}],"version-history":[{"count":1,"href":"https:\/\/www.domainesaintpierremont.fr\/index.php\/wp-json\/wp\/v2\/pages\/143\/revisions"}],"predecessor-version":[{"id":144,"href":"https:\/\/www.domainesaintpierremont.fr\/index.php\/wp-json\/wp\/v2\/pages\/143\/revisions\/144"}],"wp:attachment":[{"href":"https:\/\/www.domainesaintpierremont.fr\/index.php\/wp-json\/wp\/v2\/media?parent=143"}],"curies":[{"name":"wp","href":"https:\/\/api.w.org\/{rel}","templated":true}]}}